.
-11
Let l(a) = -243*a + 492. Calculate l(11).
-2181
Let u(n) = -12*n**3 + 239*n**2 + 31*n - 409. What is u(20)?
-189
Let u(n) = 4763*n + 13808. Calculate u(-4).
-5244
Let v(o) = -5*o**2 + 40*o + 1798. Determine v(23).
73
Let s(x) = 11*x**3 - 144*x**2 + 275*x + 18. Calculate s(9).
-1152
Let z(r) = 3*r**2 - 312*r - 35269. Calculate z(-67).
-898
Let g(y) = -3*y**2 - 639704*y + 1919112. Give g(3).
-27
Let p(n) = -n**3 - 102*n**2 + 1361*n - 772. Determine p(-114).
26
Let o(y) = y**2 - 83*y + 180. Give o(5).
-210
Let g(l) = 4825*l**2 + 9657*l + 10. Determine g(-2).
-4
Let a(v) = -v**2 + 42*v - 401. Calculate a(14).
-9
Let k(g) = -12*g**2 - 3052*g - 6123. What is k(-2)?
-67
Let c(r) = -5385*r - 3866453. Give c(-718).
-23
Let y(h) = 3*h**2 + 1951*h + 663. Calculate y(-650).
13
Let m(a) = 9*a**3 - 148*a**2 + 38*a - 273. Give m(16).
-689
Let s(a) = 52*a**2 - 243*a + 78. Give s(9).
2103
Let v(r) = r**3 + 141*r**2 + 13*r + 42729. What is v(-143)?
-28
Let h(b) = 131*b**2 + 154*b + 465. Determine h(-3).
1182
Let z(u) = -u**3 + 41*u**2 + 205*u - 9700. What is z(40)?
100
Let g(p) = 26214*p + 78542. What is g(-3)?
-100
Let u(b) = -b**2 - 1374*b - 43. What is u(0)?
-43
Let p(o) = 1198*o + 124616. Calculate p(-104).
24
Let p(q) = -547*q + 83727. Give p(153).
36
Let q(a) = 8*a**3 - 48*a**2 - 483*a - 109. Calculate q(-7).
-1824
Let t(n) = 199*n + 11102. Determine t(-56).
-42
Let m(r) = 85399*r - 341587. Calculate m(4).
9
Let n(w) = -1599*w + 180680. Give n(113).
-7
Let c(o) = 1394*o + 2624. What is c(-1)?
1230
Let y(j) = j**2 + 12170*j - 2991047. Give y(241).
4
Let g(s) = 7912*s - 284933. Give g(36).
-101
Let f(p) = -5*p**2 + 172*p + 1329. Determine f(-7).
-120
Let i(q) = 23*q**2 - 2*q - 129. Determine i(9).
1716
Let y(k) = 9099*k + 163786. Give y(-18).
4
Let x(n) = -5*n**2 + 19*n + 69. What is x(-11)?
-745
Let s(l) = -l**3 - 6214*l**2 + 382744*l + 1894. Calculate s(61).
3
Let j(u) = u**3 + 37*u**2 - 429*u + 2654. Calculate j(-49).
-5137
Let f(z) = -42*z**2 + 270*z - 350. Determine f(5).
-50
Let g(o) = -o**3 - 30*o**2 - 13*o - 3331. What is g(-37)?
6733
Let g(h) = 26422*h - 88. Determine g(0).
-88
Let a(g) = -3*g**2 - 359*g - 2085. What is a(-6)?
-39
Let u(d) = 4*d**2 - 384*d + 3510. What is u(9)?
378
Let k(m) = m**2 - 1212*m + 46917. Calculate k(40).
37
Let g(a) = 2*a**3 - 30*a**2 + 7*a - 19. Determine g(15).
86
Let h(c) = c**3 - 5*c**2 - 70*c + 584. Give h(0).
584
Let m(z) = 18*z**2 + 1876*z - 3369. Give m(-106).
23
Let o(y) = -592*y**2 - 5414*y - 592. Give o(-9).
182
Let q(b) = -b**3 - 15*b**2 + 1698*b + 22458. Determine q(-13).
46
Let z(j) = -j**2 - 47*j + 9732. What is z(89)?
-2372
Let w(j) = 3*j**2 + 36*j - 380. Determine w(-8).
-476
Let j(z) = -303*z + 13090. Calculate j(45).
-545
Let w(h) = 572*h**2 - 6860*h - 57. Give w(12).
-9
Let g(i) = -4151*i - 149448. Calculate g(-36).
-12
Let i(b) = -b**3 - 33*b**2 - 380*b + 1477. Give i(3).
13
Let k(z) = -2043*z + 35224. What is k(17)?
493
Let x(z) = 18*z**3 - 1836*z**2 + 3*z - 455. Give x(102).
-149
Let m(n) = -517*n**2 - 165*n + 159. What is m(1)?
-523
Let d(k) = -1274*k**2 - 130*k + 68. Give d(1).
-1336
Let x(h) = -1874*h + 273626. What is x(146)?
22
Let o(y) = -27*y**2 - 14369*y - 14361. What is o(-1)?
-19
Let n(g) = 148*g - 1659. Give n(4).
-1067
Let t(q) = -3*q**2 - 191*q - 2999. Determine t(-28).
-3
Let w(l) = 1056*l + 105639. What is w(-100)?
39
Let b(t) = -3670*t**2 - 1738*t - 2. Determine b(-1).
-1934
Let f(d) = 16976*d - 101477. What is f(6)?
379
Let d(p) = -2*p**2 - 559*p - 7743. Calculate d(-14).
-309
Let d(s) = 2*s**3 + 14*s**2 - 1889*s - 9435. Calculate d(-5).
110
Let g(m) = 63*m - 8483. Determine g(148).
841
Let n(c) = -40*c**2 - 1155*c + 4629. What is n(4)?
-631
Let t(z) = 6*z**3 + 14*z**2 - 87*z - 309. Determine t(-7).
-1072
Let o(q) = 15*q**2 + 398*q - 631. Give o(-29).
442
Let a(s) = -239332*s + 2393309. What is a(10)?
-11
Let k(q) = 1146*q + 2857. Determine k(-2).
565
Let f(l) = 1340*l + 33199. Give f(-25).
-301
Let o(l) = -806*l - 49180. Determine o(-61).
-14
Let c(v) = v**3 - 5*v**2 + 2921*v - 11734. Give c(4).
-66
Let s(y) = -4*y**2 + 118*y + 613. Determine s(-5).
-77
Let y(d) = -d**3 + 10*d**2 - 164*d + 2633. Determine y(13).
-6
Let c(n) = -1265*n - 272024. Calculate c(-215).
-49
Let p(j) = -2*j**3 - 556*j**2 + 1456*j + 94120. Determine p(-280).
40
Let i(u) = -13*u**3 - 19*u**2 + 668*u - 643. Determine i(1).
-7
Let u(n) = -396*n - 16960. What is u(-43)?
68
Let v(t) = -10*t**2 - 657*t - 730. Determine v(-62).
1564
Let p(w) = -4*w**3 + 190*w**2 - 2311*w + 1486. Give p(22).
12
Let y(c) = 24*c**2 - 394*c - 2296. Give y(-6).
932
Let f(z) = z**3 - 16*z**2 + 85*z - 89. What is f(7)?
65
Let z(h) = -142*h**2 + 3495*h + 5090. Calculate z(26).
-32
Let m(c) = 538*c - 69436. Calculate m(129).
-34
Let t(o) = o**3 - 36*o**2 + 304*o + 37. Give t(22).
-51
Let i(r) = -53*r**2 + 1379*r - 88. What is i(26)?
-62
Let f(w) = 1226*w + 500231. Give f(-408).
23
Let p(l) = -l**2 - 23400*l + 374551. What is p(16)?
-105
Let l(q) = -q**2 + 411*q - 23611. What is l(69)?
-13
Let x(m) = -82*m**2 - 26013*m - 6123. Determine x(-317).
-100
Let l(f) = 2*f**2 + 251*f - 5922. Calculate l(-144).
-594
Let g(p) = -7*p**2 + 103*p + 839. What is g(-6)?
-31
Let v(x) = x**3 + 40*x**2 + 152*x + 2852. Determine v(-38).
-36
Let q(b) = -10492*b**2 + 283284*b - 3. Determine q(27).
-3
Let p(x) = 935*x - 69187. Determine p(74).
3
Let x(m) = 472*m - 3212. Calculate x(7).
92
Let z(g) = -g**2 - 225*g + 114399. What is z(244)?
-37
Let h(s) = -189*s**2 + 159184*s - 38726. Determine h(842).
6
Let s(o) = 9*o**3 + 39*o**2 + 8*o + 28. Determine s(-7).
-1204
Let m(f) = f**3 + 6*f**2 + 1435*f + 7156. What is m(-5)?
6
Let p(c) = 96*c - 642. Give p(6).
-66
Let x(n) = 31*n**2 + 97*n - 106. Give x(1).
22
Let w(j) = 136*j**2 + 1689*j + 40. Determine w(-12).
-644
Let a(p) = p**3 + 153*p**2 - 9648*p - 722. What is a(-201)?
-722
Let v(t) = t**3 - 2156*t**2 - 4264*t + 90. Determine v(-2).
-14
Let y(d) = 2*d + 881. Give y(78).
1037
Let z(s) = 2*s**3 - 14*s**2 - 16660*s + 149615. Determine z(9).
-1
Let l(y) = 3*y**3 + 31*y**2 - 661*y - 6256. Give l(-9).
17
Let x(i) = -269*i + 1892. Determine x(7).
9
Let b(x) = -14167*x - 28319. What is b(-2)?
15
Let o(g) = -488*g + 4599. Give o(7).
1183
Let t(s) = -8*s**2 - 663*s + 37009. Determine t(-121).
104
Let u(r) = 295*r - 6087. Give u(17).
-1072
Let k(v) = -2*v**2 + 816*v + 11203. Determine k(-14).
-613
Let h(g) = 135*g + 1527. What is h(-6)?
717
Let h(k) = -13*k**2 - 156*k - 550. What is h(-6)?
-82
Let v(q) = 3*q**2 + 727*q - 280953. Give v(208).
55
Let n(s) = -919*s + 6541. Calculate n(7).
108
Let r(t) = 79*t - 217. What is r(10)?
573
Let q(v) = 135*v**2 + 1879*v + 3125. Calculate q(-12).
17
Let o(m) = 3678*m - 4489. Give o(1).
-811
Let c(j) = j**2 + 24384*j - 292760. What is c(12)?
-8
Let r(c) = -4997*c - 14987. Give r(-3).
4
Let y(i) = 11825*i + 177414. Give y(-15).
39
Let a(y) = -y**2 + 547*y + 162835. What is a(-214)?
-19
Let b(l) = l**2 + 1759*l - 145310. Give b(79).
-108
Let t(b) = 11*b**3 - 219*b**2 - 169*b + 2935. Calculate t(20).
-45
Let k(r) = -5049*r - 22343. What is k(-4)?
-2147
Let h(x) = 4526*x - 515918. Give h(114).
46
Let p(h) = 2304*h - 36594. Calculate p(16).
270
Let r(j) = -9374*j + 55917. What is r(6)?
-327
Let c(l) = 13787*l - 510146. What is c(37)?
-27
Let o(s) = -s**3 + 60*s**2 - 3236*s - 13961. Calculate o(-4).
7
Let n(c) = -34*c**2 + 108*c + 30. Give n(12).
-3570
Let m(d) = 542*d + 19408. Calculate m(-35).
438
Let h(t) = -t**3 - 101*t**2 + 5101*t + 379. Give h(-138).
1069
Let o(d) = -d**2 - 284*d + 146291. Calculate o(-550).
-9
Let t(n) = -5*n**3 + 4*n**2 + 2059*n - 2. Give t(0).
-2
Let z(q) = 2*q**3 - 10*q**2 + 49*q + 159. Determine z(-5).
-586
Let d(q) = 44*q**3 + 13*q**2 - 62*q - 76. What is d(-1)?
-45
Let a(b) = -138*b + 46126. Determine a(328).
862
Let v(h) = 1895*h - 160162. Calculate v(84).
-982
Let q(u) = -274060*u + 13. Give q(0).
13
Let k(r) = 7*r**3 + 102*r**2 - 67*r - 40. Give k(-15).
290
Let a(c) = -c**3 - 24*c**2 + 842*c + 19477. Calculate a(-22).
-15
Let u(b) = 12*b**3 + 17*b**2 - 37*b + 123. Give u(3).
489
Let s(h) = -h**3 - 119*h**2 - 144*h + 10466. Calculate s(-117).
-64
Let i(a) = a**3 + 26*a**2 - 250*a - 7157. Determine i(-24).
-5
Let m(c) = 134*c + 5117. Give m(-38).
2